 3*g - 2. Determine a(n).
-6
Let o = -15 - -24. Suppose w + 5*k = 3*k - 8, -3*w - o = k. Let p(q) = 7*q - 7*q + q + 2*q. Determine p(w).
-6
Let k(l) = l - 3. Suppose -46 = -5*x - 11. Let j be k(x). Let i = j - 9. Let m(p) = -p**3 - 4*p**2 + 4*p + 1. Determine m(i).
6
Let p = -5 + 8. Suppose -3*k - 17 = -2*x, -3*k = p*x + 2 - 5. Let r be (-3 - 0)*x/(-6). Let s(c) = -c**3 + 3*c**2 + 2*c - 2. Give s(r).
6
Let n(u) be the first derivative of 1/2*u**2 - 8*u - 8. What is n(5)?
-3
Let z(l) = -l**2 - 3*l + 2. Let i = -4 - 1. Determine z(i).
-8
Let i(d) = -13*d**3 - 2*d - 19*d**3 + 7*d**2 + 33*d**3 - 1 - 3*d**2. Let p(x) = -x + 1. Let t be p(5). Calculate i(t).
7
Suppose 2*l + 6*l = 32. Let c(i) = -i - 3. Calculate c(l).
-7
Suppose 0 = 4*t - 10*t + 12. Let w(z) = -4*z**3 + 3*z**2 - 1 - z**3 - 4*z**t + 2. What is w(-1)?
5
Let j(w) = w**2 - 2*w - 1. Let a(b) = b**2 - 2*b - 1. Let q(f) = -6*a(f) + 7*j(f). Let c = -6 + 4. Give q(c).
7
Let h(t) be the first derivative of 2 - 1/2*t**2 + 0*t. What is h(-4)?
4
Let u = -152 + 153. Let o(p) = 3*p**2 - 2*p + 1. Calculate o(u).
2
Let f(x) be the second derivative of x**4/12 + x**3/2 - 3*x**2/2 + x. Let j(k) = -k**3 + 4*k + 3. Let n be j(-2). Suppose -4*s + 5*s = -n. Give f(s).
-3
Let q(n) be the third derivative of n**6/120 + n**5/12 - n**4/24 - 5*n**3/6 - 6*n**2. Determine q(-5).
0
Let h(o) = 3*o. Let m(z) = -z**3 + z - 24. Let r be m(0). Let w = 25 + r. Determine h(w).
3
Let y = 19 + -24. Let u(n) = -n**3 - 7*n**2 - 6*n + 4. What is u(y)?
-16
Suppose 0 = -2*v - 6, -19 = 2*l + 3*v - 2*v. Let p = l + 10. Let t(h) = -h. What is t(p)?
-2
Let t(i) = -i**3 + 12*i**2 - 13*i + 16. Suppose 3*c - 21 = 12. What is t(c)?
-6
Let b(f) = f + 1. Let j be b(3). Let g(s) = s**3 - 4*s**2 - s. Let u be g(j). Let m(k) = -3 + 1 + 0 - 2*k. Give m(u).
6
Let u be (1 + -5)*1/(-2). Suppose -u*h = -3 - 3. Let p(m) = -2*m**2 + 2*m + 4. What is p(h)?
-8
Let q(l) = -l**2 + 9*l - 7. Let t = -16 + 19. Suppose 3*g = t*n - 21, -3*n - g + 29 = 4*g. Calculate q(n).
1
Let n(p) = p**2 - 4. Let t be -5 - -1 - (-2 - 0). Let a be -4 + t - (-3 - 0). Determine n(a).
5
Let i(z) = -3*z**2 - 3*z + 3. Let u(l) = -5*l**2 - 5*l + 5. Let o(n) = -7*i(n) + 4*u(n). Calculate o(2).
5
Let s(m) = m**3 + m**2 - m - 1. Let g(r) = -3*r**3 - 7*r**2 + 8*r + 5. Let h(q) = g(q) + 2*s(q). What is h(-6)?
3
Let m(d) = -1 - 23*d**2 + 37*d**2 - 15*d**2 + 5*d + 8. Calculate m(5).
7
Let b = -43 - -39. Let g(j) be the third derivative of 1/60*j**5 + 1/6*j**3 - j**2 + 0*j + 0 + 1/8*j**4. What is g(b)?
5
Let z(v) be the third derivative of 1/60*v**5 + 0 + 1/6*v**3 + 1/12*v**4 - 2*v**2 + 0*v. Determine z(-4).
9
Let u be (-3 + -4)/(-1 + 0). Let l(f) be the first derivative of -f**3/3 + 3*f**2 + 10*f + 1. Calculate l(u).
3
Let q(b) = -3*b - 1. Let z(g) = -g + 0 + 2 - 1 - 2. Let u(t) = -q(t) + z(t). Let v = 8 + -7. Determine u(v).
2
Let g(n) = -2*n + 4. Let w(y) = -7*y + 16. Let p(l) = 9*g(l) - 2*w(l). Let h(m) = 3*m**3 - m**2 - m + 1. Let k be h(1). Suppose k*i + 2*i - 12 = 0. Give p(i).
-8
Let r(d) = 3*d + 3*d**2 + 4 + 0 - 7*d + d**3. Let l = -9 - -13. Let h be l/((-2)/1 + 1). Give r(h).
4
Let k(f) = -2*f**3 + 3*f**2 - 5*f - 6. Let w(g) = 7 - 2*g**3 + g**2 + 6*g + 5*g**3 - 4*g**2. Let y(j) = 5*k(j) + 4*w(j). What is y(-2)?
-4
Let j be (20/8)/1*-2. Let o(x) = 2*x + 6. What is o(j)?
-4
Let x(v) = -3*v - 3. Suppose -42*o + 43*o = -2. Determine x(o).
3
Let z(x) be the third derivative of x**6/120 + x**5/10 - 3*x**4/8 - x**3 + 29*x**2. Determine z(-7).
8
Suppose -11 = -2*v + 3*z, -4*v + 25 + 12 = -3*z. Let h = -16 + v. Let s(c) = 2*c + 3. What is s(h)?
-3
Suppose 3*o + 2 = -4. Let d(f) = f - 4. Let t(a) = 6*a - 21. Let z(j) = -21*d(j) + 4*t(j). Determine z(o).
-6
Let d(o) = 2*o + 13. Let h be d(-9). Suppose 3*t + 37 = 4*f - 0*t, -5*f - 5*t = -20. Let w(p) = 0 - 3*p - f + 1. Calculate w(h).
9
Let y(d) = -38*d + 3 - 8*d**2 + 45*d + 2*d**3 - d**3. Suppose j - 7 = -0*j. Calculate y(j).
3
Let n(q) = 2*q - 3. Let d be n(-3). Let u(h) = h + 9. Let x be u(d). Let c be (-9)/3*(-1 + x). Let y(b) = b**2 - 5*b + 2. Give y(c).
-4
Let k(f) = -f**2 + f**2 - 9*f**3 + 0*f**2 - f**2. Determine k(1).
-10
Suppose -2*b - 2*b + 8 = 0. Let m be (b/6)/(3/9). Let o(l) = -4*l**2 - 1. Calculate o(m).
-5
Let o(r) = -2*r + 2*r - 3 - r. Calculate o(-4).
1
Let q(u) be the second derivative of -u**5/60 - u**4/8 + u**3/3 + u**2 - 5*u. Let b(o) be the first derivative of q(o). Calculate b(-3).
2
Let w(u) = u - 12. Suppose -4*i + 0*i = 0. Determine w(i).
-12
Let g = 2 + 0. Let k(o) = 2*o + 0*o - g*o**2 - o + 8*o**3. Suppose 0 = i - 1 - 0. Determine k(i).
7
Let h(k) be the second derivative of -k**5/20 - k**4/2 - k**3 - k**2/2 + 24*k. Give h(-5).
4
Let c(a) = 36 + 6*a - a**2 - 15*a - 43. Give c(-6).
11
Let n(h) = -211*h + 2 + 3*h**2 + 106*h + 101*h. Let p be -1 + (-1)/(1/(-3)). Let m = p + 0. Determine n(m).
6
Let k = 8 + -2. Suppose 3*u + l - k*l = -33, 0 = -4*l + 12. Let r(a) = -a**3 - 7*a**2 - 7*a. Calculate r(u).
6
Suppose 3*w = -w. Let c(o) = -2*o**2 + 2*o - 5. Let f(q) = q**2 - q + 4. Let k(j) = 2*c(j) + 3*f(j). Give k(w).
2
Let h be 3/(-2)*2/1. Let i(b) be the first derivative of -b**5/120 - b**4/24 - 7*b**3/3 - 1. Let w(p) be the third derivative of i(p). Determine w(h).
2
Let w(n) = 5 - 4*n**2 - 4 + n + 6*n**2. What is w(-2)?
7
Suppose -4*x + j + 15 = -5, -4*x = j - 12. Let u(y) = y + 1. Let p(m) = 4*m + 3. Let g(v) = p(v) - 3*u(v). Calculate g(x).
4
Let w(a) = 2*a + 6. Let p = -9 + 12. Suppose p*h + 11 + 7 = 0. What is w(h)?
-6
Let t(g) be the third derivative of g**4/24 - g**3/3 - 8*g**2. Let w(s) = -s + 6. Let a be w(0). Let y be ((-9)/a)/((-1)/(-2)). Give t(y).
-5
Let o(q) be the first derivative of 1/3*q**3 + 6*q + 6 + 3*q**2. Let a(t) = 2*t + 1. Let h be a(-3). Determine o(h).
1
Let d(m) = -5*m + 45. Let w be d(10). Let a(f) = -3*f - 3 - 3*f**2 + 3 + 2*f**2 + 1. What is a(w)?
-9
Let f(y) = -y**2 - 8*y - 1. Let c(p) = p - 1. Let q be c(-5). What is f(q)?
11
Let x(h) = -2*h**3 + h**2 + 3*h - 1. Suppose 3*m = -3*a, 2*a - 5*m - 6 = 4*a. Calculate x(a).
-7
Let v(z) = -z**3 + 5*z**2 + 6*z - 2. Suppose w - 14 = 2*x + 2*x, -4*w = 5*x - 14. Determine v(w).
-2
Let r(q) = q**2. Let b(v) be the first derivative of 2*v**3 - v**2 + v + 2. Let l be ((-1)/(-2))/(1/2). Let s(k) = l*b(k) - 5*r(k). What is s(2)?
1
Let a(j) = 5*j**2 + 5*j. Let d(y) = 11*y**2 + 11*y. Let o(x) = 9*a(x) - 4*d(x). Let b be o(-2). Let m(n) = -3*n**b + 6*n**2 - n**3 + 5 - 5. Calculate m(3).
0
Let z(i) = 1 - 4*i + 2*i - 6*i. Suppose 2*l + w - 1 = 0, -3*l + 4 = w - 2*w. Give z(l).
-7
Let s(x) = x - 4*x + 1 + x**3 + 2*x. Let d(t) = -t**3 + 9*t**2 - 9*t + 2. Let f be d(8). Let a = f + 6. Determine s(a).
1
Let a = -29 - -32. Let i(z) be the third derivative of 1/60*z**5 + 0 - 1/4*z**4 + 0*z + 2*z**2 + 1/6*z**a. Determine i(5).
-4
Let q(s) = s**3 - 3*s**2 - 3*s - 4. Let l be 2 + 1 + -2 - -5. Let i be 3/((-9)/l)*-2. Determine q(i).
0
Let g(a) = -8*a + 27. Let r(s) = -2*s + 7. Let v(z) = -2*g(z) + 9*r(z). Determine v(7).
-5
Let v(u) = u - 7. Let j(m) = m - 2. Let r = -3 + 5. Let i be j(r). What is v(i)?
-7
Let a(c) be the third derivative of c**8/20160 + c**7/1260 - c**5/20 + 3*c**2. Let j(m) be the third derivative of a(m). Let n = -3 - 1. Give j(n).
0
Let v(b) = 0 - 2 + 2*b**2 - b**2 + 11 - 9*b. Give v(6).
-9
Suppose -2*q - 3*q = -15. Let y(r) be the second derivative of -r**5/20 + r**4/6 + 3*r**2/2 + 2*r. What is y(q)?
-6
Let v(m) = 4*m**2 - m + 4. Let i(d) = -20*d**2 - 20. Let l(y) = -5*y**2 - 5. Let z(q) = -4*i(q) + 15*l(q). Let b(k) = -6*v(k) + 5*z(k). Calculate b(-5).
-4
Let g(c) = -c**3 + 3*c**2 - 2*c + 2. Let h(b) = 15 + b - b**3 + b - 12*b**2 - b. Let f be h(-12). What is g(f)?
-4
Let t(n) = -20*n**3 + 32*n**2 - 3*n + 8. Let k(w) = 7*w**3 - 11*w**2 + w - 3. Let b(d) = -17*k(d) - 6*t(d). Give b(3).
-12
Let p be (-16)/(-3) - (-4)/6. Let g be (2/3)/((-4)/p). Let b(r) be the third derivative of -r**4/24 - r**3/6 + 2*r**2. Give b(g).
0
Let z(u) be the third derivative of -u**4/6 + 2*u**3/3 + 8*u**2. Determine z(3).
-8
Let j(f) = 5*f**2 + 1. Let v = -4 - -6. Suppose -2*x + 4*k = -5*x + 13, v*k = -4*x + 4. What is j(x)?
6
Let t = -208 + 211. Let k(o) = -o**2 + 4*o - 4. What is k(t)?
-1
Let x(w) = w - 10. Let l(j) = -j**3 + 12*j**2 + j - 5. Let v be -4 - 